 = 2*i + 65, 35 = -n - 5*i. Let j(r) = -r**2 - 9*r + 13. Let l be j(n). Let z(c) = 2*c - c**l - 2*c + 7 + 7*c**2 - 8*c**2 + c. Determine z(0).
7
Suppose -16*w = -12*w - 96. Let r = w + -34. Let c(n) = n + 14. Give c(r).
4
Let k(q) = 3*q + 18. Suppose 55*r + 58*r + 536 = -481. Give k(r).
-9
Let v(x) = -x**3 - 11*x**2 - 21*x - 19. Let o be v(-9). Suppose -o*c = -20 - 12. Suppose 7*y + 15 = c*y. Let d(r) = -r**3 - 5*r**2 - 2*r - 3. Give d(y).
7
Let f(k) = -29*k + 3039. Let o be f(105). Let v(g) = g**3 + 2*g**2 + 4*g + 2. Let n(b) = -b**3 - 3*b**2 - 3*b - 3. Let z(i) = -4*n(i) - 3*v(i). Calculate z(o).
6
Let d = -192 + 192. Let b(c) = 3 + 7 + 4*c - 2 - 6*c + d*c. Calculate b(8).
-8
Let s = 54 + -50. Let r(o) = 156*o**3 - 152*o**3 + s*o + 2*o**2 + o. Let y(b) = -b**3 - b**2 - b - 1. Let w(h) = r(h) + 3*y(h). What is w(2)?
5
Let z(d) = -2*d**3 + 3*d**2 + 4*d + 1. Let v(p) = 5*p**3 + 2*p - 2. Let i be v(1). Suppose -i*k + 40 = -2*a, 35 = 5*k - a - 0*a. Suppose 0 = 2*m - k. Give z(m).
-14
Let u = -4 + 11. Let w(i) = 40*i + 124*i**2 - 134*i**2 - 1 + 3 + 11*i**2 - 24*i - 24*i. Give w(u).
-5
Let c(w) = -3*w**2 - 1. Let g be (312/(-52))/(1*-2). Let d be (20/16)/(4/16). Suppose 5*l + d = 0, 3*h + 2*l = -g + 4. What is c(h)?
-4
Suppose -874 = 137*o - 326. Let l(x) = 80 - 156 + 76 - 2*x**2. Calculate l(o).
-32
Let d(j) = -3*j**3 + 8*j**2 + 69*j + 13. Let a be d(-16). Let t(v) = 13249 - a + 2*v - 6*v. Calculate t(3).
-8
Let n(a) = -a - 119 + 71 + 46. Suppose -4*s + 61 - 21 = 4*c, 0 = -2*s - 4*c + 28. Calculate n(s).
-8
Let z(a) = -23*a**2 + 82 + 446 - a**3 - 555. What is z(-23)?
-27
Suppose -33 + 37 = -f. Let h(z) be the second derivative of -2*z**3/3 - 5*z**2/2 - 56*z. Determine h(f).
11
Let p(w) = 8*w**2 - 9*w + 12. Let v be 1 - 3 - (-24)/(36/6). Let k(x) = 3*x**2 - 5*x + 6. Let i(u) = v*p(u) - 5*k(u). Suppose 8 = -2*o + o. What is i(o)?
2
Let i(b) = b**3 + 6*b**2 + 140*b + 883. Let y be i(-6). Let j(v) = -v**3 + 45*v**2 - 85*v - 39. Calculate j(y).
4
Let w(m) = -m**3 - m**2 + 7*m + 4. Suppose i = 12*v + 2*v - 59, 3*i = 3*v - 21. Determine w(v).
-48
Suppose -3*y + 41 + 7 = -5*t, t + 18 = 2*y. Let m be ((-4)/(-14) + 0)*7. Let c(b) = -2 + 5 + b - 10 + 8*b**m - b**3 - 2*b**2. Calculate c(y).
-1
Let i(j) = -4*j - 1859 - j + 1850 - j**2 + 12*j. Let y(n) = -n**3 - 1 + 6*n**2 + 0*n**2 - 1 - 2*n**2 + 2*n. Let x be y(4). Determine i(x).
-3
Suppose c - 30*j = -34*j - 37, 2*j = -5*c - 95. Let t(n) = 5*n + 76. Calculate t(c).
-9
Suppose 0 = -9*v + 7*v + 18. Suppose v*q = -64 + 10. Let f(x) = x - 7. What is f(q)?
-13
Let j(l) = 266 - 516 - 2*l**2 + 257 - 3*l + 9*l + 5*l. Determine j(5).
12
Suppose -6*z + 4660 = 4696. Let v(x) be the first derivative of x**3/3 + 5*x**2 + 6*x + 3. Calculate v(z).
-18
Let z(d) be the first derivative of -d**4/4 + 2*d**3 - 5*d**2 + 50*d + 3934. Determine z(6).
-10
Let q(h) = h**2 - 4*h + 5. Let x = -2706 + 2712. Calculate q(x).
17
Suppose -7 = 5*p - 17. Let l(s) = -3*s**p + 2*s**2 + 10*s + s + 7 + 2*s**2. What is l(-10)?
-3
Let d(g) = -g**3 - 9*g**2 - 9*g - 17. Let m be (-8)/(-68) - 2622/323. Give d(m).
-9
Suppose 5*j = -4*w + j + 148, j - 136 = -4*w. Suppose -2*x = 31 - w. Let g(u) = 0 - 2*u + u + 1. What is g(x)?
0
Let s(k) be the third derivative of k**6/120 + k**5/12 + k**4/8 + k**2. Suppose 57*c - 63*c = 0. Let i(f) = 16*f - 2. Let z be i(c). Give s(z).
6
Let j(f) = 7*f - 3. Let v be j(1). Let s(g) = 9*g - 3 - 5 + 1 + v - 8*g. Give s(-5).
-8
Let n(i) = -i. Let h(v) = v + 6. Let j(d) = -h(d) - 2*n(d). Let q = -65055 - -65055. What is j(q)?
-6
Let w(y) = 10*y - 53. Let d(p) = -3*p + 17. Let l(g) = 13*d(g) + 4*w(g). What is l(-8)?
1
Let c(g) be the second derivative of 3*g**4/4 - g**2/2 + 62*g - 6. Give c(1).
8
Let b(q) = 5*q**2 + 6*q + 26. Let t(y) = -8*y**2 - 13*y - 45. Let x(f) = -5*b(f) - 3*t(f). Give x(9).
5
Let l(u) = 108*u**3 + 4*u**2 - 2*u - 11. Let h(b) = -323*b**3 - 11*b**2 + 5*b + 30. Let d(j) = 3*h(j) + 8*l(j). Calculate d(1).
-105
Let y = -195 + 193. Let l be y/4 + (5 - 54/4). Let m(q) = -q**3 - 10*q**2 - 9*q - 12. Give m(l).
-12
Let f = 507 + -501. Let z(a) = -6*a + 29. What is z(f)?
-7
Let n(j) = -j**3 - 10*j**2 - 18*j - 13. Let g be n(-8). Let k(c) = 15*c**2 - 5*c**2 + 3*c**g - 9*c**2 + c**3 - 3*c**3 - 11 - c. Determine k(0).
-11
Let u(j) be the third derivative of -3*j**4/8 + 10*j**2 + j. Suppose 3*o + 6 = -4*q - 2*o, 0 = -4*o - 8. What is u(q)?
-9
Let g(c) = 14*c - 93. Suppose -4*u - 4*r = -4, r - 43 = 12*u - 19*u. What is g(u)?
5
Let s(a) = -a**2 + 8*a - 6. Let d(x) = 3*x**3 + 3*x**2 - 7*x - 14. Let m be d(2). What is s(m)?
-6
Let x be ((-6)/(-4) - 0)*(-8)/(-3). Suppose 14*p + x = 18. Let q(u) = -9 + 2 - u + 2 + p. Calculate q(-7).
3
Suppose -2*v = 5*l - 102, 2*l + 3*v = 6*v + 37. Suppose -96*g + l = -100*g. Let x(s) = s**3 + 7*s**2 + 7*s + 5. Give x(g).
20
Let x = -176 - -179. Let o(p) = 6*p**2 - 4*p**2 - 6*p**2 - 2 + 2*p + 3*p**2. Determine o(x).
-5
Let f(d) be the first derivative of 3*d**2/2 - 5*d + 70. Let b(q) = -7*q + 11. Let s(y) = -4*b(y) - 9*f(y). Determine s(-9).
-8
Let g(a) be the first derivative of a**3/3 - 2*a**2 + 11*a - 191. What is g(6)?
23
Let b(p) = 2*p**2 - p - 5. Let u(i) = -12*i**2 - 32*i + 31. Let a(l) = -5*b(l) - u(l). Give a(-19).
13
Let h(k) be the first derivative of -3*k**2/2 - 36*k + 20. Let b be h(-15). Suppose 0 = j - 3 + b. Let c(f) = -f**3 - 5*f**2 + 4*f - 3. Give c(j).
9
Let s be 1714/(-1 - (18/(-6) - 0)). Let b = -861 + s. Let d(z) = 5*z + 4. What is d(b)?
-16
Let t(p) = p**2 + 4*p - 3. Let l = -23 - -17. Let o be (49/(-7) - l)*2*3. Calculate t(o).
9
Let f(d) = -3*d**2 + 8*d - 8. Let g(r) = -8*r**2 + 23*r - 23. Let a(y) = 11*f(y) - 4*g(y). Let j be 84/14*(3 - 11/3). What is a(j)?
4
Let o(q) be the first derivative of -1/120*q**5 + 3*q**3 + 0*q - 1/24*q**4 + 39 + 0*q**2. Let b(z) be the third derivative of o(z). Calculate b(0).
-1
Let s(j) = 4 - 1 + j**2 - 7*j + 4. Suppose 9*a = 3*p + 8*a - 400, 412 = 3*p + 5*a. Suppose -92 = 6*t - p. Determine s(t).
7
Let t(w) = -4*w - 3. Let p be (-8 - -18)/((4/6)/2). Suppose -3*i + 13*i + p = 0. Let l(n) = -7*n - 7. Let a(d) = i*l(d) + 5*t(d). Calculate a(-5).
1
Let r(c) be the third derivative of c**5/10 - c**4/8 - 7*c**3/6 - 1610*c**2. Calculate r(-3).
56
Suppose 4*w = -5*p + w - 13, -4*p - 6 = -2*w. Let u(f) = f**3 + 2*f**2 - 3*f - 5. Calculate u(p).
1
Let n(a) = -2*a + 1. Let h = -760 - -780. Suppose 2*j + 0*p = 2*p + 8, -4*p = h. Calculate n(j).
3
Let m(g) = -g**2 - 9*g - 13. Let x be m(-6). Let d(u) = x*u - 2 + u - 4*u - u. Calculate d(-1).
-3
Let h(x) = -9*x**2 + 6*x + 32. Let u(b) = -11*b**2 + 7*b + 38. Let o(l) = 5*h(l) - 4*u(l). Calculate o(5).
-7
Let v(k) = 8*k**3 + 2*k + 2. Let t = -9 - -14. Let l(q) = q**3 - 6*q**2 + 3*q + 9. Let s be l(t). Let n be v(s). Let f(z) = z**2 + 8*z - 1. Calculate f(n).
-1
Suppose -4*k - 4 = -0*k + 3*x, -2*k - 5*x = 16. Suppose -5*h + 5*f = 0, -k*f = -f - 2. Suppose 0 = -h*j + 6 + 6. Let m(v) = v - 6. Calculate m(j).
0
Let m(u) = 13*u**2 - 4*u - 6. Let t(a) = a**3 - 9*a**2 + 5*a + 61. Let z be t(7). What is m(z)?
54
Let l(k) = k**2 + 2*k - 4. Suppose -52*c + 9 = -51*c. Suppose -12 = -u - c. Suppose u*t = 5*m + 23, 0 = -3*m - m - 2*t - 14. Determine l(m).
4
Let z be ((-133)/(-228))/(-6 + -3 + 14). Let l(y) be the third derivative of -1/120*y**6 + 0 + 4/3*y**3 + 1/24*y**4 + 0*y + z*y**5 - 21*y**2. Calculate l(7).
15
Let i(s) = 20*s + 204. Let b be i(-11). Let x(r) = -r**2 - 14*r + 35. Let k be x(b). Let y(o) = o**3 - 4*o**2 + 4*o - 1. What is y(k)?
2
Let i(b) = -14*b + 35 - 39*b - 45*b + 94*b. Give i(6).
11
Let h(i) = i**2 - 2*i - 90. Let k = -19835 - -19835. Give h(k).
-90
Let x(f) = -6*f + 8. Let n be x(4). Let i = -11 - n. Let p(u) = 9*u**2 - u + 10. Let y(m) = 5*m**2 + 5. Let l(w) = -4*p(w) + 7*y(w). Calculate l(i).
-10
Let p(r) = 4*r**3 - 2*r**2 + 2*r - 3. Let b be p(2). Suppose 9*y - b = 47. Let k be 9/(-6)*(2 - y). Let v(d) = d**2 - 9*d - 1. Determine v(k).
-1
Let g(s) = 3 - 65*s - 73*s - 28*s + 119*s - 6. What is g(0)?
-3
Let r(t) be the first derivative of -t**2/2 + 869. What is r(12)?
-12
Let y(j) = -j + 4. Let q be ((24*-1)/3)/((-2)/5). Let z(x) = -2*x + 45. Let d be z(q). What is y(d)?
-1
Let o(j) = 7*j + 9*j + 4 - 19*j. Suppose -5*u = -u - 4. Let v = 2 + u. Give o(v).
-5
Let z(m) be the second